{"id":26,"date":"2016-03-23T17:13:56","date_gmt":"2016-03-23T17:13:56","guid":{"rendered":"https:\/\/tecnirisk.com\/2017\/?page_id=26"},"modified":"2016-05-26T17:19:48","modified_gmt":"2016-05-26T17:19:48","slug":"espanol-atencion-al-cliente","status":"publish","type":"page","link":"https:\/\/tecnirisk.com\/index.php\/pagina-1\/espanol-atencion-al-cliente\/","title":{"rendered":"ATENCI\u00d3N AL CLIENTE"},"content":{"rendered":"<p><span style=\"color: #000000; font-family: Calibri;\">Acogi\u00e9ndose a lo preceptuado por la Orden ECO\/734\/2004, de 11 de marzo sobre los departamentos y servicios de atenci\u00f3n al cliente y defensor del cliente de las entidades financieras, esta Corredur\u00eda les comunica que tiene concertada con el Col\u00b7legi de Mediadors d&#8217;Assegurances de Barcelona la prestaci\u00f3n del servicio de atenci\u00f3n al cliente, siendo la persona responsable del mismo, D.Pablo G\u00fcell Fradera.<\/span><\/p>\n<p><span style=\"color: #000000; font-family: Calibri;\">Col\u00b7legi de Mediadors d&#8217;Assegurances de Barcelona<br \/>\n<\/span><span style=\"color: #000000; font-family: Calibri;\">Passeig Sant Joan, 33<br \/>\n<\/span><span style=\"color: #000000; font-family: Calibri;\">08010 Barcelona<br \/>\n<\/span><span style=\"color: #000000; font-family: Calibri;\">Telefono : 93-2153223<br \/>\n<\/span><span style=\"color: #000000; font-family: Calibri;\">Fax : 93-2462155<br \/>\n<\/span><span style=\"color: #000000; font-family: Calibri;\">correo electr\u00f3nico: elcol-legi.org<br \/>\n<\/span><a href=\"http:\/\/www.elcol-legi.org\/\"><u><span style=\"color: #0000ff; font-family: Calibri;\">www.elcol-legi.org<\/span><\/u><\/a><\/p>","protected":false},"excerpt":{"rendered":"<p>Acogi\u00e9ndose a lo preceptuado por la Orden ECO\/734\/2004, de 11 de marzo sobre los departamentos y servicios de atenci\u00f3n al cliente y defensor del cliente de las entidades financieras, esta Corredur\u00eda les comunica que tiene concertada con el Col\u00b7legi de Mediadors d&#8217;Assegurances de Barcelona la prestaci\u00f3n del servicio de atenci\u00f3n al cliente, siendo la persona &hellip; <a href=\"https:\/\/tecnirisk.com\/index.php\/pagina-1\/espanol-atencion-al-cliente\/\" class=\"more-link\">Seguir leyendo <span class=\"screen-reader-text\">ATENCI\u00d3N AL CLIENTE<\/span> <span class=\"meta-nav\">&rarr;<\/span><\/a><\/p>\n","protected":false},"author":1,"featured_media":0,"parent":5,"menu_order":2,"comment_status":"closed","ping_status":"closed","template":"","meta":{"footnotes":""},"_links":{"self":[{"href":"https:\/\/tecnirisk.com\/index.php\/wp-json\/wp\/v2\/pages\/26"}],"collection":[{"href":"https:\/\/tecnirisk.com\/index.php\/wp-json\/wp\/v2\/pages"}],"about":[{"href":"https:\/\/tecnirisk.com\/index.php\/wp-json\/wp\/v2\/types\/page"}],"author":[{"embeddable":true,"href":"https:\/\/tecnirisk.com\/index.php\/wp-json\/wp\/v2\/users\/1"}],"replies":[{"embeddable":true,"href":"https:\/\/tecnirisk.com\/index.php\/wp-json\/wp\/v2\/comments?post=26"}],"version-history":[{"count":3,"href":"https:\/\/tecnirisk.com\/index.php\/wp-json\/wp\/v2\/pages\/26\/revisions"}],"predecessor-version":[{"id":112,"href":"https:\/\/tecnirisk.com\/index.php\/wp-json\/wp\/v2\/pages\/26\/revisions\/112"}],"up":[{"embeddable":true,"href":"https:\/\/tecnirisk.com\/index.php\/wp-json\/wp\/v2\/pages\/5"}],"wp:attachment":[{"href":"https:\/\/tecnirisk.com\/index.php\/wp-json\/wp\/v2\/media?parent=26"}],"curies":[{"name":"wp","href":"https:\/\/api.w.org\/{rel}","templated":true}]}}