{"id":280,"date":"2016-08-04T10:36:10","date_gmt":"2016-08-04T10:36:10","guid":{"rendered":"https:\/\/tecnirisk.com\/?page_id=280"},"modified":"2016-08-04T10:51:32","modified_gmt":"2016-08-04T10:51:32","slug":"espanol-extension-de-garantia-para-maquinaria-movil","status":"publish","type":"page","link":"https:\/\/tecnirisk.com\/index.php\/sample-page\/espanol-extension-de-garantia-para-maquinaria\/espanol-extension-de-garantia-para-maquinaria-movil\/","title":{"rendered":"EXTENSI\u00d3N DE GARANT\u00cdA PARA MAQUINARIA M\u00d3VIL"},"content":{"rendered":"<p>Cobertura<br \/>\nEste seguro proporciona cobertura de aver\u00eda de maquinaria y equipos situados en cualquier lugar del mundo (pueden aplicar restricciones).<\/p>\n<ul>\n<li>Aver\u00eda de maquinaria: ruptura repentina e imprevista, distorsi\u00f3n, sobrecalentamiento o recalentamiento el\u00e9ctrico de cualquier parte de la m\u00e1quina que se produce mientras la m\u00e1quina est\u00e1 en uso, lo que resulta en una inmediata parada total o parcial de su funci\u00f3n programada y que requiere de su reparaci\u00f3n y \/ o sustituci\u00f3n para que el trabajo normal pueda ser reanudado<\/li>\n<li>Cobertura para los sistemas de transmisi\u00f3n e hidr\u00e1ulico<\/li>\n<\/ul>\n<p>Si la maquinaria del cliente se aver\u00eda, el asegurador indemnizar\u00e1 por los gastos razonables para su puesta en funcionamiento. Esto incluye los costes de mano de obra, recambios y costes de viaje razonables, incluyendo alojamiento cuando sea necesario, gastados por el asegurado para reparar la m\u00e1quina. La aseguradora pagar\u00e1 los gastos de diagn\u00f3stico siempre que no sean especulativos. La aseguradora tambi\u00e9n pagar\u00e1 los costos de reposici\u00f3n de aceites y fluidos. Si fuera necesario devolver la m\u00e1quina a la base, este coste estar\u00e1 cubierto por la garant\u00eda. La indemnizaci\u00f3n tambi\u00e9n incluir\u00e1 los costes de env\u00edo de recambios desde el extranjero, si esta es la \u00fanica manera de reparar la m\u00e1quina del cliente.<\/p>\n<p>Beneficios<\/p>\n<ul>\n<li>Los costes de reparaci\u00f3n o reposici\u00f3n de los componentes que han fallado son pagados<\/li>\n<li>Prima Fija \/ cubre hasta cinco a\u00f1os: la cobertura y la prima se mantendr\u00e1n sin cambios, independientemente del n\u00famero de siniestros<\/li>\n<li>La cobertura aplicar\u00e1 hasta el n\u00famero de horas y a\u00f1os de operaci\u00f3n acordadas, m\u00e1ximo cinco a\u00f1os \/ 10.000 horas<\/li>\n<li>Las reclamaciones se gestionan internamente sin la necesidad de un perito<\/li>\n<li>Renovable<\/li>\n<\/ul>\n<p>Condiciones Generales de Elegibilidad para la Cobertura<\/p>\n<ul>\n<li>La antig\u00fcedad de la m\u00e1quina no debe ser superior a 8 a\u00f1os u 8.000 horas a fecha de efecto<\/li>\n<li>M\u00e1quinas de m\u00e1s de 500.000\u20ac, 400,000GBP y 600.000USD seg\u00fan acuerdo<\/li>\n<li>Maquinaria elegible: incluye excavadoras, palas mec\u00e1nicas, cargadores deslizantes, compresores, generadores, plataformas de acceso motorizadas y equipos agr\u00edcolas<\/li>\n<\/ul>\n<p>Per\u00edodo de cobertura de la M\u00e1quina m\u00f3vil<br \/>\n1. (a) Para m\u00e1quinas nuevas<br \/>\nLa cobertura para m\u00e1quinas nuevas bajo la secci\u00f3n de aver\u00eda el\u00e9ctrica y mec\u00e1nica de la p\u00f3liza empieza cuando la garant\u00eda del fabricante termina.<br \/>\n(b) Para m\u00e1quinas usadas y reacondicionadas<br \/>\nLa cobertura para m\u00e1quinas usadas y reacondicionadas comienza en la fecha de efecto de la p\u00f3liza (puede aplicar una carencia de 60 d\u00edas). En el caso de que haya un per\u00edodo de garant\u00eda del fabricante restante a fecha de efecto, la cobertura bajo la secci\u00f3n de aver\u00eda el\u00e9ctrica y mec\u00e1nica empezar\u00e1 cuando termine el per\u00edodo de garant\u00eda del fabricante.<br \/>\n2. Cuando se haya pagado el importe m\u00e1ximo de indemnizaci\u00f3n establecido en la p\u00f3liza.<br \/>\n3. Hasta la fecha en que el asegurado haya vendido la m\u00e1quina o haya cesado la actividad.<\/p>\n<p>\u00bfDurante cu\u00e1nto tiempo se puede proporcionar la garant\u00eda?<br \/>\nLas garant\u00edas para m\u00e1quinas nuevas son de hasta 36 meses y 6.000 horas y en ciertos casos para m\u00e1quinas de gran tama\u00f1o de hasta 60 meses y 10.000 horas desde la fecha de puesta en servicio.<br \/>\nLa garant\u00eda para m\u00e1quinas de segunda mano est\u00e1 disponible de inmediato para la mayor\u00eda de equipos para un periodo de hasta 48 meses y 8.000 horas de vida. Para cualquier equipo m\u00e1s antiguo puede ser requerida informaci\u00f3n m\u00e1s detallada.<\/p>\n<p>L\u00edmite de indemnizaci\u00f3n<br \/>\nNo hay l\u00edmite en el n\u00famero de pagos que se puede hacer pero en ning\u00fan caso la cantidad total de indemnizaci\u00f3n durante la vigencia de la garant\u00eda no puede exceder el 50% del precio de factura para m\u00e1quinas nuevas y el 50% del valor de mercado en el momento de reventa de m\u00e1quinas de segunda mano. En el caso de que la garant\u00eda se contrate despu\u00e9s de que la m\u00e1quina ha sido comprada, el valor de mercado para los fines de la garant\u00eda ser\u00e1 el valor en esa fecha.<br \/>\nAdem\u00e1s para nuevas m\u00e1quinas, en ning\u00fan caso un pago \u00fanico por aver\u00eda bajo la garant\u00eda podr\u00e1 superar el 25% del valor de factura y para m\u00e1quinas de segunda mano, el 25% del valor de mercado en el momento de la reventa.<\/p>\n<p>En el caso de p\u00e9rdida total<br \/>\nUn elemento de la maquinaria ser\u00e1 considerado p\u00e9rdida total si el coste de la reparaci\u00f3n supera el valor de mercado en el momento de la aver\u00eda. La aseguradora pagar\u00e1 el valor de mercado en el momento de la aver\u00eda y cualquier coste de desmantelamiento de la maquinaria da\u00f1ada menos el valor de las piezas recuperadas hasta el l\u00edmite de indemnizaci\u00f3n.<\/p>\n<p>Transferencia de la garant\u00eda<br \/>\nLa garant\u00eda puede ser transferida a los nuevos propietarios de forma autom\u00e1tica si la extensi\u00f3n de garant\u00eda no ha tenido ning\u00fan siniestro previo.<\/p>\n<p>Principales Exclusiones<\/p>\n<ul>\n<li>La franquicia<\/li>\n<li>P\u00e9rdidas consecuenciales<\/li>\n<li>Robo o intento de robo<\/li>\n<li>La p\u00e9rdida o da\u00f1os causados por incendio, rayo, ca\u00edda de avi\u00f3n, explosi\u00f3n o da\u00f1os accidentales<\/li>\n<li>El desgaste, deterioro gradual, oxidaci\u00f3n o corrosi\u00f3n, sobrecarga intencional, pruebas o comisionamiento<\/li>\n<li>La p\u00e9rdida o da\u00f1os cubiertos por la garant\u00eda del fabricante u otra garant\u00eda de otro tipo<\/li>\n<li>Cualquier aver\u00eda el\u00e9ctrica:\n<ul>\n<li>Para maquinaria planta: las aver\u00edas mec\u00e1nicas durante el periodo de garant\u00eda del fabricante<\/li>\n<li>Para maquinaria usada: cualquier aver\u00eda dentro de los primeros 14 d\u00edas<\/li>\n<\/ul>\n<\/li>\n<li>Cualquier aver\u00eda mec\u00e1nica de naturaleza gradual y por lo tanto no repentina e imprevista<\/li>\n<li>Piezas sin desgaste que forman parte de la estructura de la m\u00e1quina. Por ejemplo, el parachoques<\/li>\n<li>Cualquier accesorio usado con la m\u00e1quina que no se suministr\u00f3 y pag\u00f3 originalmente con la misma. Por ejemplo, un engrasador autom\u00e1tico<\/li>\n<li>Cualquier aver\u00eda en la m\u00e1quina que no ha sido reparada y mantenida de acuerdo con las instrucciones del fabricante<\/li>\n<li>Los elementos de desgaste no est\u00e1n cubiertos<\/li>\n<li>Cl\u00e1usula de defectos en serie<\/li>\n<\/ul>\n<p>Para m\u00e1s informaci\u00f3n <a href=\"https:\/\/tecnirisk.com\/index.php\/contact\/\">cont\u00e1ctenos<\/a>.<\/p>","protected":false},"excerpt":{"rendered":"<p>Cobertura Este seguro proporciona cobertura de aver\u00eda de maquinaria y equipos situados en cualquier lugar del mundo (pueden aplicar restricciones). Aver\u00eda de maquinaria: ruptura repentina e imprevista, distorsi\u00f3n, sobrecalentamiento o recalentamiento el\u00e9ctrico de cualquier parte de la m\u00e1quina que se produce mientras la m\u00e1quina est\u00e1 en uso, lo que resulta en una inmediata parada total &hellip; <a href=\"https:\/\/tecnirisk.com\/index.php\/sample-page\/espanol-extension-de-garantia-para-maquinaria\/espanol-extension-de-garantia-para-maquinaria-movil\/\" class=\"more-link\">Seguir leyendo <span class=\"screen-reader-text\">EXTENSI\u00d3N DE GARANT\u00cdA PARA MAQUINARIA M\u00d3VIL<\/span> <span class=\"meta-nav\">&rarr;<\/span><\/a><\/p>\n","protected":false},"author":1,"featured_media":0,"parent":264,"menu_order":1,"comment_status":"closed","ping_status":"closed","template":"","meta":{"footnotes":""},"_links":{"self":[{"href":"https:\/\/tecnirisk.com\/index.php\/wp-json\/wp\/v2\/pages\/280"}],"collection":[{"href":"https:\/\/tecnirisk.com\/index.php\/wp-json\/wp\/v2\/pages"}],"about":[{"href":"https:\/\/tecnirisk.com\/index.php\/wp-json\/wp\/v2\/types\/page"}],"author":[{"embeddable":true,"href":"https:\/\/tecnirisk.com\/index.php\/wp-json\/wp\/v2\/users\/1"}],"replies":[{"embeddable":true,"href":"https:\/\/tecnirisk.com\/index.php\/wp-json\/wp\/v2\/comments?post=280"}],"version-history":[{"count":3,"href":"https:\/\/tecnirisk.com\/index.php\/wp-json\/wp\/v2\/pages\/280\/revisions"}],"predecessor-version":[{"id":284,"href":"https:\/\/tecnirisk.com\/index.php\/wp-json\/wp\/v2\/pages\/280\/revisions\/284"}],"up":[{"embeddable":true,"href":"https:\/\/tecnirisk.com\/index.php\/wp-json\/wp\/v2\/pages\/264"}],"wp:attachment":[{"href":"https:\/\/tecnirisk.com\/index.php\/wp-json\/wp\/v2\/media?parent=280"}],"curies":[{"name":"wp","href":"https:\/\/api.w.org\/{rel}","templated":true}]}}